 -0*u - 456. Calculate the highest common factor of 304 and u.
38
Let p = -9 - -17. Suppose z = 4*z - 120. Calculate the greatest common divisor of z and p.
8
Suppose -x - 1 = b - 6, 4*x - 15 = -5*b. Suppose 0 = -v + 5*d - 15, -4*d = 7*v - 3*v - 60. Calculate the highest common factor of v and x.
10
Let u(d) = 4*d**2 - 4. Let f be u(2). What is the highest common divisor of f and 4?
4
Suppose 0 = -2*u - 0*i - 2*i + 20, -5*u - 4*i = -50. What is the highest common factor of 15 and u?
5
Suppose 0 = -4*s + 3*i + 10, 5*s - 7*i - 15 = -2*i. Suppose -j + s = -3. Let r be j/10 + 356/10. What is the greatest common divisor of 24 and r?
12
Suppose l = 3*l. Suppose 4*s = -y + 88, -3*y - s = -l*s - 308. What is the greatest common factor of y and 13?
13
Suppose -2*h = -0*h + i + 11, 5*h + 3*i = -29. Let t(a) = a**2 - 2*a - 5. Let b be t(h). Suppose -7 = 2*l - b. What is the greatest common divisor of 9 and l?
3
Suppose 4*g - 78 - 42 = -4*k, -5*g + 60 = 2*k. Calculate the greatest common factor of k and 6.
6
Suppose -24 = -4*c + c. Calculate the highest common divisor of c and 64.
8
Suppose 2*y + 3*f - 137 = 0, -3*y + 2*f + 194 = -18. Suppose -b - 5*l + 10 = 0, 5*l + 3 = -2*b + 23. Calculate the highest common divisor of y and b.
10
Let q be (-27)/6*(5 + -3). Let g be q/12*2*-2. Let p be -3 + (3 - (-6 + g)). What is the highest common factor of p and 9?
3
Let z be 1*3 - (-5)/5. Suppose z*j + 10 = 2*j. Let l be (-2)/10 + (-11)/j. What is the greatest common factor of 18 and l?
2
Suppose -113 = -4*i + n, -5*i - 45 = -n - 185. Let l(s) = -16*s - 11. Let m be l(-4). Let g = m - i. What is the highest common divisor of g and 65?
13
Let o(b) = -4*b + 42. Let a be o(6). What is the highest common factor of 18 and a?
18
Suppose -10*y + 11*y = 8. What is the highest common factor of y and 64?
8
Suppose 4*u - u = 12, 68 = 4*k - 3*u. Suppose -j = 3*c - 127, 3*c = -5*j + 87 + k. Suppose -c - 7 = -3*o. Calculate the greatest common factor of o and 153.
17
Let k = -80 + 101. Suppose -3*x + 17 = y - 2*x, x = -3*y + 45. What is the highest common divisor of y and k?
7
Suppose 0 = n - 0*n - 2. Suppose -5*c + 0*h - 1 = -4*h, 0 = -c - h + 7. Calculate the highest common divisor of n and c.
1
Let i(c) = c**3 - 6*c**2 - 2*c + 16. Let g be i(6). Calculate the highest common divisor of 2 and g.
2
Suppose -7*v = -2*v - 10. Suppose -b - 2*t - 34 = -2*b, 3*b + v*t = 110. Let u = b + -26. Calculate the highest common factor of u and 15.
5
Let v(q) = -q + 11. Let g be v(-4). What is the highest common divisor of g and 15?
15
Let j = -9 - -11. Suppose -j*o = 3*o - 90. What is the greatest common divisor of 2 and o?
2
Let u(t) = -t**3 + 11*t**2 - t + 6. Let j be u(11). Let v be (21 - 0) + (j - -8). Calculate the highest common factor of v and 60.
12
Suppose 0 = -3*c + 10*c - 28. Calculate the highest common divisor of c and 8.
4
Suppose -j + 5*h + 160 = 4*j, 0 = 2*j + 5*h - 99. Calculate the greatest common factor of j and 74.
37
Suppose -31 = -4*n + 33. Let t be (-9)/(-6) - 506/(-4). Calculate the greatest common divisor of n and t.
16
Suppose -3*j = -2*m + 10, m + 3 - 2 = 0. Let r = j - -4. Suppose -3*g - 5*x + 42 = r, 2*g + 2*x - 21 = x. Calculate the highest common factor of g and 63.
9
Let p be 20/(-6)*108/(-45). Suppose -j - j = -p. What is the highest common divisor of 12 and j?
4
Let t(q) = q + 4. Let s be t(5). Let p(x) = -x**2 + 10*x + 1. Let b be p(9). Suppose 1 = -o + b. Calculate the greatest common factor of s and o.
9
Let u be 774/4 - (-9)/(-6). Suppose 7*n - 3*n = u. Suppose -3*w = w - n. Calculate the highest common divisor of w and 6.
6
Suppose -5*s + 4*a + 153 = 0, -4*s + 9*s - 150 = 5*a. Let p = -30 + 52. What is the greatest common factor of p and s?
11
Let y be (-5 - (3 + -9))*42/1. Calculate the highest common divisor of 12 and y.
6
Let i(k) = 3*k - 1. Let j be i(3). Suppose 3*f + 38 = 2*x, -56 = -0*x - 4*x - 4*f. Calculate the highest common divisor of x and j.
8
Let f = 8 + -17. Let u = f - -24. Let p(r) = 5*r**2 - r. Let a be p(-1). What is the greatest common divisor of u and a?
3
Suppose 2*n = 4*n + 2. Let x(t) = -14*t**3 - t - 1. Let r be x(n). Calculate the greatest common divisor of r and 7.
7
Let w be 1*(80/6 - 6/(-9)). What is the highest common factor of 126 and w?
14
Let o(d) = d**3 + 5*d**2 - 7*d - 2. Let k be o(-6). Suppose h - 5 = k. What is the highest common divisor of h and 45?
9
Let k be 6/27 + 430/9. Calculate the highest common factor of 6 and k.
6
Suppose -3*h + 2*h = -7. Suppose -a + 0*a = -3*i + 21, 0 = 2*i - 2*a - 14. Calculate the greatest common divisor of h and i.
7
Suppose -4*u = -3*v + 25, -2*v + 5*v = -5*u + 16. Suppose 4*m = v + 5. What is the highest common divisor of m and 24?
3
Let i(s) = -3*s + 6. Let o(v) = -v - 2. Let c be o(3). Let n be i(c). What is the highest common factor of 168 and n?
21
Let c be (-1382)/(-22) + 26/143. Suppose 4*m - 1 = o + 6*m, 4*o = 4*m + 56. Calculate the greatest common divisor of o and c.
9
Let r = -3 - 0. Let d = r + 8. What is the highest common divisor of d and 1?
1
Suppose -4*z + 0*y = 4*y - 152, 0 = -2*z + 4*y + 58. Suppose -5*p - 3*k + 55 = 0, -39 = -0*p - p + 5*k. What is the greatest common factor of p and z?
7
Let u = 3 + 9. Let j = -6 + u. Calculate the greatest common divisor of 42 and j.
6
Suppose -2 = -b + 9. Suppose n = b + 7. Calculate the greatest common divisor of 126 and n.
18
Let h = 45 - 22. Calculate the greatest common factor of 184 and h.
23
Suppose 4 = 2*m - 122. Calculate the highest common factor of 42 and m.
21
Let s(n) = 22*n - 12. Let f be s(6). Calculate the greatest common divisor of f and 15.
15
Let x = 2 + 3. Let g = 3 - -2. What is the greatest common factor of g and x?
5
Let m(b) = b**2 - 8*b + 2. Let k be m(8). Suppose -4*c + 144 = -j, -j - j - 78 = -k*c. Calculate the greatest common factor of 7 and c.
7
Let a be (-3)/21*-10*7. Calculate the highest common factor of 10 and a.
10
Let a(g) = 2*g**2 - g + 9. Let t be a(0). Suppose -l = -4*z + 11, -2*z = -4*l - 0*l + 26. What is the highest common factor of l and t?
9
Suppose -2679 = 4*l - 447. Let h be 3/4 + l/(-24). What is the greatest common factor of h and 36?
12
Suppose -2*p + 28 = 3*k, 0 = 6*k - 4*k + 4*p - 24. Let a be (7 - k) + (-57)/(-1). Calculate the highest common factor of 7 and a.
7
Let q be 381/18 + (-3)/18. Let z(h) = 4*h**3 + h**2 + h + 1. Let m be z(-1). Let d be -1 - -2 - (m - -1). Calculate the greatest common factor of q and d.
3
Let l = -5 - -53. Calculate the highest common factor of l and 6.
6
Let w be ((-12)/2)/((-3)/2). Let s(z) = 3*z + 31. Let l be s(-5). What is the highest common divisor of l and w?
4
Let q be 100/(-12) + (-4)/6. Let p be q/(-12) + (-339)/(-12). Calculate the highest common divisor of 29 and p.
29
Suppose -82 = -5*k - 12. What is the greatest common factor of k and 112?
14
Let g(h) = -h**3 - h - 2. Let f be g(-6). Let y(a) = -a**2 + 13*a - 20. Let b be y(5). Calculate the greatest common divisor of b and f.
20
Let s be 1/1 - (8 - -21). Let m be 2/7 - 160/s. Let x = -1 + m. What is the highest common divisor of 20 and x?
5
Let c(x) = x**2 - 6*x - 12. Suppose 5*q - 48 - 12 = 0. Let j be c(q). Calculate the greatest common divisor of j and 15.
15
Let g be (24 - 1) + -2*(7 + -6). What is the greatest common factor of g and 7?
7
Let g = 15 - 7. Let b(o) = 6 - 4*o**2 + o**3 + 5 - 4 - 4*o**2. Let m be b(9). What is the greatest common divisor of m and g?
8
Let o(w) = w**2 - w - 6. Let x be o(-6). Let t be (3 + -2 + 0)*1. Suppose -v + 8 + t = 0. Calculate the highest common factor of v and x.
9
Suppose 3*o + 3 = 0, 5*h + o - 42 = 3*o. Let a = h - 8. Suppose a = -0*m - m + 2. Calculate the greatest common factor of m and 2.
2
Let w(x) be the third derivative of -25*x**4/24 + 3*x**2. Let c be w(-2). What is the highest common factor of 125 and c?
25
Suppose q = 41 + 35. Calculate the greatest common factor of q and 19.
19
Let j = 7 - -1. Let i = 268 + -180. Calculate the highest common divisor of j and i.
8
Let o = 6 + -4. Calculate the greatest common divisor of o and 3.
1
Let q = 50 + -10. What is the greatest common divisor of q and 8?
8
Let w = 15 + -9. Suppose w*n = n + 15. Suppose 4*d - 3*t = 66 + 33, -2*t - 50 = -2*d. Calculate the greatest common factor of n and d.